{"id":405,"date":"2019-04-28T18:14:28","date_gmt":"2019-04-28T18:14:28","guid":{"rendered":"http:\/\/burmaprojekt.de\/?page_id=405"},"modified":"2019-10-26T17:24:15","modified_gmt":"2019-10-26T17:24:15","slug":"impressum","status":"publish","type":"page","link":"https:\/\/burmaprojekt.de\/?page_id=405","title":{"rendered":"Impressum"},"content":{"rendered":"\n<p>Burma Projekt e.V. Berlin<\/p>\n\n\n\n<p>Liesborner\nWeg 4<\/p>\n\n\n\n<p>13507\nBerlin<\/p>\n\n\n\n<p>Tel.:\n030\/902914177<\/p>\n\n\n\n<p>Vorstand:&nbsp;<\/p>\n\n\n\n<p>Vorsitzender&nbsp;&nbsp;&nbsp; &nbsp;&nbsp;&nbsp; &nbsp;&nbsp;&nbsp; &nbsp;&nbsp;&nbsp;Nanja Maung Yin<\/p>\n\n\n\n<p>Stellv. Vorsitzende \u00a0 \u00a0\u00a0\u00a0 Thomas Kienberg <\/p>\n\n\n\n<p><strong>Haftungshinweis:\n<\/strong><\/p>\n\n\n\n<p>Trotz\nsorgf\u00e4ltiger inhaltlicher Kontrolle \u00fcbernehmen wir keine Haftung f\u00fcr die\nInhalte externer Links. F\u00fcr den Inhalt der verlinkten Seiten sind\nausschlie\u00dflich deren Betreiber verantwortlich. <\/p>\n","protected":false},"excerpt":{"rendered":"<p>Burma Projekt e.V. Berlin Liesborner Weg 4 13507 Berlin Tel.: 030\/902914177 Vorstand:&nbsp; Vorsitzender&nbsp;&nbsp;&nbsp; &nbsp;&nbsp;&nbsp; &nbsp;&nbsp;&nbsp; &nbsp;&nbsp;&nbsp;Nanja Maung Yin Stellv. Vorsitzende \u00a0 \u00a0\u00a0\u00a0 Thomas Kienberg Haftungshinweis: Trotz sorgf\u00e4ltiger inhaltlicher Kontrolle \u00fcbernehmen wir keine Haftung f\u00fcr die Inhalte externer Links&#8230;. <a class=\"read-more\" href=\"https:\/\/burmaprojekt.de\/?page_id=405\">Read More<\/a><\/p>\n","protected":false},"author":1,"featured_media":0,"parent":0,"menu_order":0,"comment_status":"closed","ping_status":"closed","template":"","meta":{"footnotes":""},"class_list":["post-405","page","type-page","status-publish","hentry","no-comments"],"yoast_head":"<!-- This site is optimized with the Yoast SEO plugin v24.7 - https:\/\/yoast.com\/wordpress\/plugins\/seo\/ -->\n<title>Impressum &#8226; Burma Projekt<\/title>\n<meta name=\"robots\" content=\"index, follow, max-snippet:-1, max-image-preview:large, max-video-preview:-1\" \/>\n<link rel=\"canonical\" href=\"https:\/\/burmaprojekt.de\/?page_id=405\" \/>\n<meta property=\"og:locale\" content=\"en_US\" \/>\n<meta property=\"og:type\" content=\"article\" \/>\n<meta property=\"og:title\" content=\"Impressum &#8226; Burma Projekt\" \/>\n<meta property=\"og:description\" content=\"Burma Projekt e.V. Berlin Liesborner Weg 4 13507 Berlin Tel.: 030\/902914177 Vorstand:&nbsp; Vorsitzender&nbsp;&nbsp;&nbsp; &nbsp;&nbsp;&nbsp; &nbsp;&nbsp;&nbsp; &nbsp;&nbsp;&nbsp;Nanja Maung Yin Stellv. Vorsitzende \u00a0 \u00a0\u00a0\u00a0 Thomas Kienberg Haftungshinweis: Trotz sorgf\u00e4ltiger inhaltlicher Kontrolle \u00fcbernehmen wir keine Haftung f\u00fcr die Inhalte externer Links.... Read More\" \/>\n<meta property=\"og:url\" content=\"https:\/\/burmaprojekt.de\/?page_id=405\" \/>\n<meta property=\"og:site_name\" content=\"Burma Projekt\" \/>\n<meta property=\"article:modified_time\" content=\"2019-10-26T17:24:15+00:00\" \/>\n<meta name=\"twitter:card\" content=\"summary_large_image\" \/>\n<script type=\"application\/ld+json\" class=\"yoast-schema-graph\">{\"@context\":\"https:\/\/schema.org\",\"@graph\":[{\"@type\":\"WebPage\",\"@id\":\"https:\/\/burmaprojekt.de\/?page_id=405\",\"url\":\"https:\/\/burmaprojekt.de\/?page_id=405\",\"name\":\"Impressum &#8226; Burma Projekt\",\"isPartOf\":{\"@id\":\"https:\/\/burmaprojekt.de\/#website\"},\"datePublished\":\"2019-04-28T18:14:28+00:00\",\"dateModified\":\"2019-10-26T17:24:15+00:00\",\"breadcrumb\":{\"@id\":\"https:\/\/burmaprojekt.de\/?page_id=405#breadcrumb\"},\"inLanguage\":\"en-US\",\"potentialAction\":[{\"@type\":\"ReadAction\",\"target\":[\"https:\/\/burmaprojekt.de\/?page_id=405\"]}]},{\"@type\":\"BreadcrumbList\",\"@id\":\"https:\/\/burmaprojekt.de\/?page_id=405#breadcrumb\",\"itemListElement\":[{\"@type\":\"ListItem\",\"position\":1,\"name\":\"Home\",\"item\":\"https:\/\/burmaprojekt.de\/\"},{\"@type\":\"ListItem\",\"position\":2,\"name\":\"Impressum\"}]},{\"@type\":\"WebSite\",\"@id\":\"https:\/\/burmaprojekt.de\/#website\",\"url\":\"https:\/\/burmaprojekt.de\/\",\"name\":\"Burma Projekt\",\"description\":\"\",\"publisher\":{\"@id\":\"https:\/\/burmaprojekt.de\/#organization\"},\"potentialAction\":[{\"@type\":\"SearchAction\",\"target\":{\"@type\":\"EntryPoint\",\"urlTemplate\":\"https:\/\/burmaprojekt.de\/?s={search_term_string}\"},\"query-input\":{\"@type\":\"PropertyValueSpecification\",\"valueRequired\":true,\"valueName\":\"search_term_string\"}}],\"inLanguage\":\"en-US\"},{\"@type\":\"Organization\",\"@id\":\"https:\/\/burmaprojekt.de\/#organization\",\"name\":\"Burma Projekt e.V. Berlin\",\"url\":\"https:\/\/burmaprojekt.de\/\",\"logo\":{\"@type\":\"ImageObject\",\"inLanguage\":\"en-US\",\"@id\":\"https:\/\/burmaprojekt.de\/#\/schema\/logo\/image\/\",\"url\":\"https:\/\/burmaprojekt.de\/wp-content\/uploads\/2019\/03\/Logo.jpg\",\"contentUrl\":\"https:\/\/burmaprojekt.de\/wp-content\/uploads\/2019\/03\/Logo.jpg\",\"width\":467,\"height\":720,\"caption\":\"Burma Projekt e.V. Berlin\"},\"image\":{\"@id\":\"https:\/\/burmaprojekt.de\/#\/schema\/logo\/image\/\"}}]}<\/script>\n<!-- \/ Yoast SEO plugin. -->","yoast_head_json":{"title":"Impressum &#8226; Burma Projekt","robots":{"index":"index","follow":"follow","max-snippet":"max-snippet:-1","max-image-preview":"max-image-preview:large","max-video-preview":"max-video-preview:-1"},"canonical":"https:\/\/burmaprojekt.de\/?page_id=405","og_locale":"en_US","og_type":"article","og_title":"Impressum &#8226; Burma Projekt","og_description":"Burma Projekt e.V. Berlin Liesborner Weg 4 13507 Berlin Tel.: 030\/902914177 Vorstand:&nbsp; Vorsitzender&nbsp;&nbsp;&nbsp; &nbsp;&nbsp;&nbsp; &nbsp;&nbsp;&nbsp; &nbsp;&nbsp;&nbsp;Nanja Maung Yin Stellv. Vorsitzende \u00a0 \u00a0\u00a0\u00a0 Thomas Kienberg Haftungshinweis: Trotz sorgf\u00e4ltiger inhaltlicher Kontrolle \u00fcbernehmen wir keine Haftung f\u00fcr die Inhalte externer Links.... Read More","og_url":"https:\/\/burmaprojekt.de\/?page_id=405","og_site_name":"Burma Projekt","article_modified_time":"2019-10-26T17:24:15+00:00","twitter_card":"summary_large_image","schema":{"@context":"https:\/\/schema.org","@graph":[{"@type":"WebPage","@id":"https:\/\/burmaprojekt.de\/?page_id=405","url":"https:\/\/burmaprojekt.de\/?page_id=405","name":"Impressum &#8226; Burma Projekt","isPartOf":{"@id":"https:\/\/burmaprojekt.de\/#website"},"datePublished":"2019-04-28T18:14:28+00:00","dateModified":"2019-10-26T17:24:15+00:00","breadcrumb":{"@id":"https:\/\/burmaprojekt.de\/?page_id=405#breadcrumb"},"inLanguage":"en-US","potentialAction":[{"@type":"ReadAction","target":["https:\/\/burmaprojekt.de\/?page_id=405"]}]},{"@type":"BreadcrumbList","@id":"https:\/\/burmaprojekt.de\/?page_id=405#breadcrumb","itemListElement":[{"@type":"ListItem","position":1,"name":"Home","item":"https:\/\/burmaprojekt.de\/"},{"@type":"ListItem","position":2,"name":"Impressum"}]},{"@type":"WebSite","@id":"https:\/\/burmaprojekt.de\/#website","url":"https:\/\/burmaprojekt.de\/","name":"Burma Projekt","description":"","publisher":{"@id":"https:\/\/burmaprojekt.de\/#organization"},"potentialAction":[{"@type":"SearchAction","target":{"@type":"EntryPoint","urlTemplate":"https:\/\/burmaprojekt.de\/?s={search_term_string}"},"query-input":{"@type":"PropertyValueSpecification","valueRequired":true,"valueName":"search_term_string"}}],"inLanguage":"en-US"},{"@type":"Organization","@id":"https:\/\/burmaprojekt.de\/#organization","name":"Burma Projekt e.V. Berlin","url":"https:\/\/burmaprojekt.de\/","logo":{"@type":"ImageObject","inLanguage":"en-US","@id":"https:\/\/burmaprojekt.de\/#\/schema\/logo\/image\/","url":"https:\/\/burmaprojekt.de\/wp-content\/uploads\/2019\/03\/Logo.jpg","contentUrl":"https:\/\/burmaprojekt.de\/wp-content\/uploads\/2019\/03\/Logo.jpg","width":467,"height":720,"caption":"Burma Projekt e.V. Berlin"},"image":{"@id":"https:\/\/burmaprojekt.de\/#\/schema\/logo\/image\/"}}]}},"_links":{"self":[{"href":"https:\/\/burmaprojekt.de\/index.php?rest_route=\/wp\/v2\/pages\/405","targetHints":{"allow":["GET"]}}],"collection":[{"href":"https:\/\/burmaprojekt.de\/index.php?rest_route=\/wp\/v2\/pages"}],"about":[{"href":"https:\/\/burmaprojekt.de\/index.php?rest_route=\/wp\/v2\/types\/page"}],"author":[{"embeddable":true,"href":"https:\/\/burmaprojekt.de\/index.php?rest_route=\/wp\/v2\/users\/1"}],"replies":[{"embeddable":true,"href":"https:\/\/burmaprojekt.de\/index.php?rest_route=%2Fwp%2Fv2%2Fcomments&post=405"}],"version-history":[{"count":2,"href":"https:\/\/burmaprojekt.de\/index.php?rest_route=\/wp\/v2\/pages\/405\/revisions"}],"predecessor-version":[{"id":503,"href":"https:\/\/burmaprojekt.de\/index.php?rest_route=\/wp\/v2\/pages\/405\/revisions\/503"}],"wp:attachment":[{"href":"https:\/\/burmaprojekt.de\/index.php?rest_route=%2Fwp%2Fv2%2Fmedia&parent=405"}],"curies":[{"name":"wp","href":"https:\/\/api.w.org\/{rel}","templated":true}]}}